3d8ea (base 16) to base 4.
-20331203222
What is -301000130 (base 4) in base 12?
-981b8
12102120212100 (base 3) to base 14
5516b9
What is 204919a (base 12) in base 15?
7edb01
Convert -21002211100021 (base 3) to base 11.
-2149852
-20102222000222 (base 3) to base 16
-343f8b
-161280 (base 10) to base 13
-58542
What is -100000100111101100 (base 2) in base 4?
-200213230
11477 (base 16) to base 10
70775
Convert 76466 (base 10) to base 7.
435635
Convert -9263a7 (base 11) to base 8.
-5530547
What is 156748 (base 10) in base 4?
212101030
What is 658934 (base 11) in base 9?
1872074
Convert f16b (base 16) to base 7.
345120
-2482a (base 14) to base 12
-438b2
-116539 (base 13) to base 8
-1450351
What is 302541 (base 6) in base 11?
17007
Convert 10426685 (base 9) to base 8.
23156250
Convert -11343432 (base 8) to base 10.
-2475802
-1110100010101101110110 (base 2) to base 15
-504829
-32d9d (base 15) to base 13
-587a4
Convert -7082d (base 15) to base 6.
-11345054
What is 36131 (base 7) in base 4?
2101310
23322330112 (base 4) to base 16
2faf16
Convert -12244322404 (base 5) to base 15.
-1481b89
What is -4394a (base 15) in base 8?
-643300
Convert 1f75a (base 16) to base 15.
282a8
-5563727 (base 8) to base 3
-2211021011220
What is -13222554 (base 8) in base 10?
-2958700
What is 51a5d5 (base 14) in base 9?
5160641
Convert -2012123213 (base 4) to base 13.
-163823
Convert -4234123 (base 5) to base 12.
-35223
What is -1672543 (base 8) in base 12?
-1b6a57
Convert 160322 (base 13) to base 14.
101d58
-104833 (base 9) to base 6
-1202003
-2077017 (base 11) to base 14
-6b1d96
1ccb724 (base 14) to base 2
110111001110001011100100
What is 110120100221 (base 3) in base 10?
247399
Convert -212225 (base 8) to base 6.
-1303445
Convert 15560518 (base 9) to base 6.
434352155
2213236 (base 7) to base 15
55ae7
What is -6485c (base 13) in base 10?
-181583
What is -1011011010000101100111 (base 2) in base 9?
-5557100
-1131235 (base 7) to base 15
-2c1a1
1f5f7 (base 16) to base 8
372767
What is 111110100111000101111011 (base 2) in base 12?
55b6363
Convert -33a95a (base 12) to base 5.
-202433400
What is -3a8455 (base 12) in base 14?
-1b2c5b
Convert 175278 (base 11) to base 7.
2204455
-210102203 (base 4) to base 14
-3c255
What is -8209a (base 12) in base 10?
-169462
What is 66271 (base 12) in base 14?
37381
What is -4a46cb (base 16) in base 8?
-22443313
What is -3b623 (base 12) in base 13?
-2b4ac
662053 (base 10) to base 9
1218144
Convert dd46d8 (base 14) to base 7.
120530661
145323 (base 13) to base 8
1712642
What is 2dda (base 14) in base 10?
8228
-123300421 (base 5) to base 14
-119ba4
Convert 2c627 (base 13) to base 16.
14a35
What is 2014a9 (base 14) in base 6?
35044513
What is -34460645 (base 7) in base 6?
-144444122
Convert -110000100010000111 (base 2) to base 16.
-30887
Convert 6a454 (base 11) to base 5.
11223244
Convert -1011110011101110011100 (base 2) to base 16.
-2f3b9c
2394ba (base 14) to base 10
1216540
What is 111110011010010010 (base 2) in base 7?
2113201
Convert -1582a0 (base 11) to base 6.
-5131240
Convert -803bb7 (base 12) to base 6.
-110451551
Convert 1142133 (base 8) to base 12.
130963
What is 10101001000010110100 (base 2) in base 13?
1b320b
What is 14246 (base 16) in base 14?
220d0
Convert -53b99 (base 12) to base 6.
-2211513
-383500 (base 9) to base 14
-608b9
Convert 541052 (base 9) to base 5.
40303030
11222120010 (base 3) to base 6
2034050
What is -6069255 (base 10) in base 15?
-7ed470
What is 100000001011111 (base 2) in base 6?
204143
-11603861 (base 10) to base 8
-54207625
What is -24766 (base 8) in base 7?
-43214
-110221021112 (base 3) to base 14
-68b16
What is 40212230 (base 5) in base 13?
b2687
What is -575711 (base 11) in base 8?
-3373470
Convert 23550 (base 10) to base 11.
1676a
What is 112626 (base 8) in base 6?
453142
Convert -39e252 (base 16) to base 4.
-32132021102
What is -16162550 (base 7) in base 12?
-633868
8031254 (base 9) to base 8
20230027
Convert 55238 (base 9) to base 12.
1925b
157111 (base 8) to base 6
1115241
Convert 6604234 (base 11) to base 8.
54202573
Convert -1221102022201 (base 3) to base 11.
-645203
-892a33 (base 12) to base 15
-2d18b0
What is -230a008 (base 12) in base 9?
-13605638
Convert -2011110112 (base 3) to base 9.
-64415
Convert 1023132302 (base 4) to base 9.
521082
What is -11012011220012 (base 3) in base 10?
-2227748
Convert -207846 (base 14) to base 6.
-35300154
What is -1010001000010111 (base 2) in base 7?
-231656
What is -3320051 (base 7) in base 5?
-101030311
What is -12230333 (base 5) in base 6?
-2304225
Convert -613d75 (base 15) to base 5.
-2140320120
Convert 102220110020111 (base 3) to base 7.
104531356
What is -6540637 (base 8) in base 15?
-249853
-3a270 (base 16) to base 9
-402657
What is -1056904 (base 12) in base 8?
-13651224
What is 21111020131 (base 4) in base 11?
1420673
Convert 1001101011101101 (base 2) to base 6.
503341
What is 5573a8 (base 12) in base 15?
1bd19b
-6a930 (base 12) to base 3
-21021012100
Convert 294272 (base 11) to base 14.
bd668
What is 110111011000011011001000 (base 2) in base 3?
1000022120220020
32224032 (base 5) to base 11
177656
Convert -12122200020 (base 3) to base 8.
-331304
Convert 230142203 (base 5) to base 10.
1021553
-2733 (base 9) to base 8
-4007
Convert 3478712 (base 10) to base 12.
11b9188
-491b6 (base 14) to base 2
-101011101000011100
247a92 (base 13) to base 11
547732
Convert -22a90 (base 13) to base 15.
-13b68
151702 (base 8) to base 7
314022
-3515107 (base 8) to base 3
-1210121202102
-31703250 (base 8) to base 7
-111445260
-d6be0a (base 15) to base 13
-2168c23
Convert -5ff34 (base 16) to base 10.
-393012
-e8283 (base 15) to base 3
-1101102001020
Convert -41a9146 (base 12) to base 8.
-57271606
-10c555 (base 15) to base 3
-1111200212122
-d2d3 (base 15) to base 3
-2021002000
Convert 23651733 (base 9) to base 8.
54034016
Convert -5315206 (base 9) to base 8.
-12664066
What is -415545 (base 9) in base 4?
-330101000
-141315101 (base 6) to base 14
-54a7b7
Convert -638bcb (base 16) to base 2.
-11000111000101111001011
Convert 1902a99 (base 12) to base 3.
100211201212200
166611 (base 10) to base 15
34576
What is -12122113 (base 5) in base 13?
-3cb9a
What is -936176 (base 13) in base 4?
-31020002000
110881 (base 9) to base 3
10100222201
-19742 (base 11) to base 5
-1340023
-10202101200 (base 3) to base 6
-1330113
What is 102220011211 (base 3) in base 12?
b35b7
1412100 (base 8) to base 16
61440
What is -34240 (base 11) in base 2?
-1100000101111101
What is -11182 (base 9) in base 14?
-29db
89a52 (base 14) to base 13
b9088
What is 10002212121200 (base 3) in base 10?
1650906
Convert 84d33d (base 15) to base 7.
104510542
Convert 81535 (base 9) to base 16.
d196
-301313022211 (base 4) to base 12
-44642b1
What is 71851 (base 11) in base 15?
210e7
What is 2222783 (base 10) in base 8?
10365277
Convert -42aff (base 16) to base 9.
-455621
What is 2142031 (base 5) in base 8?
110425
Convert -321130 (base 4) to base 11.
-2842
Convert -3582567 (base 9) to base 5.
-444201410
-a7dc5 (base 14) to base 4
-1203021021
What is -9c401d (base 14) in base 6?
-305510255
-12497 (base 10) to base 15
-3a82
What is -2294514 (base 11) in base 10?
-4002937
Convert 552bf (base 16) to base 15.
6d578
-222122020120 (base 3) to base 10
-524328
What is -2675641 (base 10) in base 13?
-728b27
What is 39a823 (base 12) in base 2?
11101000010100011011
What is -2843600 (base 11) in base 3?
-100012200102101
-18704 (base 12) to base 9
-53714
-41d3 (base 15) to base 4
-3121203
-10210012000201 (base 3) to base 16
-1eb0c2
Convert 4325046 (base 8) to base 14.
221c6a
What is -1221110011 (base 3) in base 9?
-57404
What is -a875 (base 16) in base 9?
-65136
Convert -1077010 (base 10) to base 15.
-1641aa
124130001 (base 5) to base 15
c2086
Convert -1033110002 (base 4) to base 16.
-4f502
What is -55444202 (base 7) in base 4?
-102100002020
What is 2568267 (base 11) in base 7?
52541362
Convert b3562c (base 13) to base 2.
1111111100111110110111
-1699968 (base 12) to base 9
-8726188
Convert -11222001202 (base 3) to base 6.
-2032245
What is 158a82 (base 11) in base 8?
740674
Convert -3105533 (base 6) to base 12.
-722a9
Convert 1031520104 (base 6) to base 8.
51767350
What is 2312122223 (base 4) in base 5?
142402204
Convert -176786 (base 9) to base 14.
-2c1